{"id":1995,"date":"2025-04-07T03:32:32","date_gmt":"2025-04-07T03:32:32","guid":{"rendered":"https:\/\/licenciasexpress.cl\/?post_type=product&#038;p=1995"},"modified":"2025-07-31T05:38:36","modified_gmt":"2025-07-31T05:38:36","slug":"autodesk-maya","status":"publish","type":"product","link":"https:\/\/licenciasexpress.cl\/?product=autodesk-maya","title":{"rendered":"Autodesk Maya &#8211; 12 Meses"},"content":{"rendered":"<p>Activaci\u00f3n mediante email (Nos puedes proporcionar tu direcci\u00f3n de email asociada a Autodesk, y la licencia quedara enlazada a ese correo, o si lo prefieres, nosotros te asignamos una).<\/p>\n<p><strong>Al momento de realizar la compra, d\u00e9janos el email registrado en AutoCAD en el apartado \u00abNotas\u00bb.\u00a0 Si no posees uno, debes avisarnos en el mismo recuadro.<\/strong><\/p>\n<p>La activaci\u00f3n de la licencia se realiza en un plazo m\u00e1ximo de 24 horas.<\/p>\n<p>&nbsp;<\/p>\n<h4>\u00bfQu\u00e9 es Maya?<\/h4>\n<p>Maya es un software 3D profesional para crear personajes realistas y efectos dignos de pel\u00edculas taquilleras.<\/p>\n<ul>\n<li>Maya es un software 3D profesional para crear personajes realistas y efectos dignos de pel\u00edculas taquilleras.<\/li>\n<li>Da forma a escenas y objetos 3D con herramientas intuitivas de modelado.<\/li>\n<li>Crea efectos realistas, desde explosiones a simulaci\u00f3n de textiles.<\/li>\n<\/ul>\n<h4>Dales vida a los modelos 3D con las poderosas herramientas de animaci\u00f3n<\/h4>\n<p>Ya sea que vayas a animar dobles digitales realistas o adorables personajes de caricaturas, Maya tiene el conjunto de herramientas de animaci\u00f3n ideal para darles vida a tus recursos 3D.<\/p>\n<h4>Crea simulaciones detalladas con Bifrost para Maya<\/h4>\n<p>Desde explosiones ardientes hasta tormentas de nieve complejas, Bifrost permite crear simulaciones f\u00edsicamente precisas en un \u00fanico entorno de programaci\u00f3n visual.<\/p>\n","protected":false},"excerpt":{"rendered":"<p>&nbsp;<\/p>\n<p><b>Caracter\u00edsticas<\/b><strong>:<\/strong><\/p>\n<ul>\n<li><strong>Versi\u00f3n<\/strong>: Es posible descargar cualquier versi\u00f3n completa del software entre los a\u00f1os 2021-2024.<\/li>\n<li>Descarga desde la web oficial de Autodesk, incluyendo actualizaciones.<\/li>\n<li>Duraci\u00f3n de 1 a\u00f1o desde la activaci\u00f3n, es compatible con Mac\/Windows y permite la activaci\u00f3n en 1 PC.<\/li>\n<\/ul>\n","protected":false},"featured_media":2727,"comment_status":"closed","ping_status":"closed","template":"","meta":[],"product_brand":[],"product_cat":[34],"product_tag":[],"class_list":{"0":"post-1995","1":"product","2":"type-product","3":"status-publish","4":"has-post-thumbnail","6":"product_cat-autodesk","8":"first","9":"instock","10":"virtual","11":"taxable","12":"purchasable","13":"product-type-simple"},"jetpack_sharing_enabled":true,"_links":{"self":[{"href":"https:\/\/licenciasexpress.cl\/index.php?rest_route=\/wp\/v2\/product\/1995","targetHints":{"allow":["GET"]}}],"collection":[{"href":"https:\/\/licenciasexpress.cl\/index.php?rest_route=\/wp\/v2\/product"}],"about":[{"href":"https:\/\/licenciasexpress.cl\/index.php?rest_route=\/wp\/v2\/types\/product"}],"replies":[{"embeddable":true,"href":"https:\/\/licenciasexpress.cl\/index.php?rest_route=%2Fwp%2Fv2%2Fcomments&post=1995"}],"wp:featuredmedia":[{"embeddable":true,"href":"https:\/\/licenciasexpress.cl\/index.php?rest_route=\/wp\/v2\/media\/2727"}],"wp:attachment":[{"href":"https:\/\/licenciasexpress.cl\/index.php?rest_route=%2Fwp%2Fv2%2Fmedia&parent=1995"}],"wp:term":[{"taxonomy":"product_brand","embeddable":true,"href":"https:\/\/licenciasexpress.cl\/index.php?rest_route=%2Fwp%2Fv2%2Fproduct_brand&post=1995"},{"taxonomy":"product_cat","embeddable":true,"href":"https:\/\/licenciasexpress.cl\/index.php?rest_route=%2Fwp%2Fv2%2Fproduct_cat&post=1995"},{"taxonomy":"product_tag","embeddable":true,"href":"https:\/\/licenciasexpress.cl\/index.php?rest_route=%2Fwp%2Fv2%2Fproduct_tag&post=1995"}],"curies":[{"name":"wp","href":"https:\/\/api.w.org\/{rel}","templated":true}]}}