{"id":1919,"date":"2025-04-07T03:32:32","date_gmt":"2025-04-07T03:32:32","guid":{"rendered":"https:\/\/licenciasexpress.cl\/?post_type=product&#038;p=1919"},"modified":"2026-04-13T16:14:44","modified_gmt":"2026-04-13T16:14:44","slug":"autodesk-vehicle-tracking","status":"publish","type":"product","link":"https:\/\/licenciasexpress.cl\/?product=autodesk-vehicle-tracking","title":{"rendered":"Autodesk Vehicle Tracking &#8211; 12 Meses"},"content":{"rendered":"<p>Activaci\u00f3n mediante email (Nos puedes proporcionar tu direcci\u00f3n de email asociada a Autodesk, y la licencia quedara enlazada a ese correo, o si lo prefieres, nosotros te asignamos una).<\/p>\n<p><strong>Al momento de realizar la compra, d\u00e9janos el email registrado en AutoCAD en el apartado \u00abNotas\u00bb.\u00a0 Si no posees uno, debes avisarnos en el mismo recuadro.<\/strong><\/p>\n<p>La activaci\u00f3n de la licencia se realiza en un plazo m\u00e1ximo de 24 horas.<\/p>\n<p>&nbsp;<\/p>\n<p>Esta extensi\u00f3n de AutoCAD Civil 3D puede darnos un mejor conocimiento del comportamiento de los veh\u00edculos en nuestros dise\u00f1os de carreteras.<\/p>\n<p>Autodesk Vehicle Tracking es una herramienta de an\u00e1lisis, dise\u00f1o seguimiento de veh\u00edculos y \u00e1reas de barrido. Est\u00e1 dise\u00f1ado para el an\u00e1lisis del barrido de rutas de veh\u00edculos, aportando una soluci\u00f3n de an\u00e1lisis de trayectoria recorrida que permite a los ingenieros, dise\u00f1adores y planificadores en los organismos gubernamentales y las empresas consultoras que trabajan en el transporte para evaluar los movimientos previsibles del veh\u00edculo.<\/p>\n<p>Autodesk Vehicle Tracking es mucho m\u00e1s que un simple an\u00e1lisis de rutas de barrido de veh\u00edculos. Es por eso que Vehicle Tracking con Civil 3D e InfraWorks puede mejorar la toma de decisiones de su proyecto. Este producto permite que incluso los usuarios principiantes tomen decisiones informadas sobre sus proyectos individuales.<\/p>\n<p>Ya que casi todas las carreteras, alojan autom\u00f3viles particulares como tr\u00e1nsito de camiones y es esencial que los criterios de dise\u00f1os consideren las caracter\u00edstica a seguir por un especialista de carreteras o de transito, ambos para el dise\u00f1o de la carreteras y de sistemas de control de tr\u00e1nsito, que permitan la operaci\u00f3n segura y sin contratiempo de un veh\u00edculo en movimiento, especialmente durante las maniobras b\u00e1sicas de paso, alto total y giro. Las caracter\u00edsticas de un veh\u00edculo y el buen funcionamiento de \u00e9ste dar\u00e1n lugar a un buen tr\u00e1nsito.<\/p>\n<p>&nbsp;<\/p>\n","protected":false},"excerpt":{"rendered":"<p>&nbsp;<\/p>\n<p><b>Caracter\u00edsticas<\/b><strong>:<\/strong><\/p>\n<ul>\n<li><strong>Versi\u00f3n<\/strong>: Es posible descargar cualquier versi\u00f3n completa del software entre los a\u00f1os 2021-2024.<\/li>\n<li>Descarga desde la web oficial de Autodesk, incluyendo actualizaciones.<\/li>\n<li>Duraci\u00f3n de 1 a\u00f1o desde la activaci\u00f3n, es compatible con Mac\/Windows y permite la activaci\u00f3n en 1 PC.<\/li>\n<\/ul>\n","protected":false},"featured_media":2730,"comment_status":"closed","ping_status":"closed","template":"","meta":[],"product_brand":[],"product_cat":[34],"product_tag":[],"class_list":{"0":"post-1919","1":"product","2":"type-product","3":"status-publish","4":"has-post-thumbnail","6":"product_cat-autodesk","8":"first","9":"instock","10":"virtual","11":"taxable","12":"purchasable","13":"product-type-simple"},"jetpack_sharing_enabled":true,"_links":{"self":[{"href":"https:\/\/licenciasexpress.cl\/index.php?rest_route=\/wp\/v2\/product\/1919","targetHints":{"allow":["GET"]}}],"collection":[{"href":"https:\/\/licenciasexpress.cl\/index.php?rest_route=\/wp\/v2\/product"}],"about":[{"href":"https:\/\/licenciasexpress.cl\/index.php?rest_route=\/wp\/v2\/types\/product"}],"replies":[{"embeddable":true,"href":"https:\/\/licenciasexpress.cl\/index.php?rest_route=%2Fwp%2Fv2%2Fcomments&post=1919"}],"wp:featuredmedia":[{"embeddable":true,"href":"https:\/\/licenciasexpress.cl\/index.php?rest_route=\/wp\/v2\/media\/2730"}],"wp:attachment":[{"href":"https:\/\/licenciasexpress.cl\/index.php?rest_route=%2Fwp%2Fv2%2Fmedia&parent=1919"}],"wp:term":[{"taxonomy":"product_brand","embeddable":true,"href":"https:\/\/licenciasexpress.cl\/index.php?rest_route=%2Fwp%2Fv2%2Fproduct_brand&post=1919"},{"taxonomy":"product_cat","embeddable":true,"href":"https:\/\/licenciasexpress.cl\/index.php?rest_route=%2Fwp%2Fv2%2Fproduct_cat&post=1919"},{"taxonomy":"product_tag","embeddable":true,"href":"https:\/\/licenciasexpress.cl\/index.php?rest_route=%2Fwp%2Fv2%2Fproduct_tag&post=1919"}],"curies":[{"name":"wp","href":"https:\/\/api.w.org\/{rel}","templated":true}]}}