{"id":1910,"date":"2023-09-26T19:10:12","date_gmt":"2023-09-26T19:10:12","guid":{"rendered":"https:\/\/licenciasexpress.cl\/?post_type=product&#038;p=1910"},"modified":"2026-04-02T19:53:14","modified_gmt":"2026-04-02T19:53:14","slug":"autodesk-civil-3d","status":"publish","type":"product","link":"https:\/\/licenciasexpress.cl\/?product=autodesk-civil-3d","title":{"rendered":"Autodesk Civil 3D &#8211; 12 Meses"},"content":{"rendered":"<p>Activaci\u00f3n mediante email (Nos puedes proporcionar tu direcci\u00f3n de email asociada a Autodesk, y la licencia quedara enlazada a ese correo, o si lo prefieres, nosotros te asignamos una).<\/p>\n<p><strong>Al momento de realizar la compra, d\u00e9janos el email registrado en Autodesk en el apartado \u00abNotas\u00bb.\u00a0 Si no posees uno, debes avisarnos en el mismo recuadro.<\/strong><\/p>\n<p>La activaci\u00f3n de la licencia se realiza en un plazo m\u00e1ximo de 24 horas.<\/p>\n<p>&nbsp;<\/p>\n<div class=\"pnl-overview__title\">\n<div>\n<div id=\"title-84d41c7a4d\" class=\"cmp-title\">\n<h4 class=\"cmp-title__text dhig-typography-headline-medium\">\u00bfQu\u00e9 es Autodesk Civil 3D?<\/h4>\n<\/div>\n<\/div>\n<\/div>\n<div class=\"pnl-overview__subhead\">\n<div>\n<div id=\"text-7230cad0e1\" class=\"cmp-text dhig-typography-body-copy-medium\">\n<div class=\"cmp-text-editable\">El software de dise\u00f1o Autodesk Civil 3D\u00ae permite a los ingenieros civiles afrontar complejos retos de infraestructura en un entorno basado en modelos 3D.<\/div>\n<div><\/div>\n<\/div>\n<\/div>\n<\/div>\n<div>\n<div class=\"pnl-overview__items\">\n<ul class=\"pnl-overview__list-bulletpoints\">\n<li class=\"pnl-overview__item\">\n<div class=\"pnl-overview__item-description pnl-overview__bullet\">\n<div>\n<div id=\"text-f5f3e8aa2d\" class=\"cmp-text dhig-typography-body-copy-medium\">\n<div class=\"cmp-text-editable\">Agiliza el dise\u00f1o y la documentaci\u00f3n.<\/div>\n<\/div>\n<\/div>\n<\/div>\n<\/li>\n<li class=\"pnl-overview__item\">\n<div class=\"pnl-overview__item-description pnl-overview__bullet\">\n<div>\n<div id=\"text-c6914a191a\" class=\"cmp-text dhig-typography-body-copy-medium\">\n<div class=\"cmp-text-editable\">Disfruta de la automatizaci\u00f3n avanzada del dise\u00f1o.<\/div>\n<\/div>\n<\/div>\n<\/div>\n<\/li>\n<li class=\"pnl-overview__item\">\n<div class=\"pnl-overview__item-description pnl-overview__bullet\">\n<div>\n<div id=\"text-aaacce7be2\" class=\"cmp-text dhig-typography-body-copy-medium\">\n<div class=\"cmp-text-editable\">Mejora la colaboraci\u00f3n y la coordinaci\u00f3n.<\/div>\n<\/div>\n<\/div>\n<\/div>\n<\/li>\n<\/ul>\n<\/div>\n<\/div>\n<p>Autodesk AutoCAD Civil 3D es un software dirigido al dise\u00f1o y generaci\u00f3n de documentaci\u00f3n para una gran variedad de proyectos de ingenier\u00eda civil, soporta los flujos de trabajo BIM (Building Information Modeling): en carreteras y v\u00edas de alta capacidad (autovias\/autopistas) con todo tipo de complejidad, ferrocarriles, aeropuertos, etc.<\/p>\n<p>Algunas de las caracter\u00edsticas por las que Autodesk AutoCAD Civil 3D resulta una herramienta imprescindible para empresas que desarrollan proyectos de infraestructuras son:<\/p>\n<ul>\n<li>Optimizaci\u00f3n en el dise\u00f1o que supone un ahorro significativo de tiempo en la redacci\u00f3n de proyectos de ingenier\u00eda.<\/li>\n<li>Dise\u00f1o de acuerdo a la normativa de cada pa\u00eds.<\/li>\n<li>An\u00e1lisis de viabilidad e impacto de las infraestructuras proyectadas.<\/li>\n<li>Generaci\u00f3n autom\u00e1tica de informes referentes al dise\u00f1o de acuerdo a los est\u00e1ndares del proyecto.<\/li>\n<li>Generaci\u00f3n de modelos 3D para guiado autom\u00e1tico de la maquinar\u00eda de obra.<\/li>\n<li>Compartici\u00f3n y actualizaci\u00f3n de modelos en tiempo real.<\/li>\n<li>Integraci\u00f3n con otros softwares de Autodesk.<\/li>\n<\/ul>\n","protected":false},"excerpt":{"rendered":"<p><b>Caracter\u00edsticas<\/b><strong>:<\/strong><\/p>\n<ul>\n<li><strong>Versi\u00f3n<\/strong>: Es posible descargar cualquier versi\u00f3n completa del software entre los a\u00f1os 2021-2024.<\/li>\n<li>Descarga desde la web oficial de Autodesk, incluyendo actualizaciones.<\/li>\n<li>Duraci\u00f3n de 1 a\u00f1o desde la activaci\u00f3n, es compatible con Mac\/Windows y permite la activaci\u00f3n en 1 PC.<\/li>\n<\/ul>\n","protected":false},"featured_media":2725,"comment_status":"closed","ping_status":"closed","template":"","meta":[],"product_brand":[],"product_cat":[34],"product_tag":[],"class_list":{"0":"post-1910","1":"product","2":"type-product","3":"status-publish","4":"has-post-thumbnail","6":"product_cat-autodesk","8":"first","9":"instock","10":"virtual","11":"taxable","12":"purchasable","13":"product-type-simple"},"jetpack_sharing_enabled":true,"_links":{"self":[{"href":"https:\/\/licenciasexpress.cl\/index.php?rest_route=\/wp\/v2\/product\/1910","targetHints":{"allow":["GET"]}}],"collection":[{"href":"https:\/\/licenciasexpress.cl\/index.php?rest_route=\/wp\/v2\/product"}],"about":[{"href":"https:\/\/licenciasexpress.cl\/index.php?rest_route=\/wp\/v2\/types\/product"}],"replies":[{"embeddable":true,"href":"https:\/\/licenciasexpress.cl\/index.php?rest_route=%2Fwp%2Fv2%2Fcomments&post=1910"}],"wp:featuredmedia":[{"embeddable":true,"href":"https:\/\/licenciasexpress.cl\/index.php?rest_route=\/wp\/v2\/media\/2725"}],"wp:attachment":[{"href":"https:\/\/licenciasexpress.cl\/index.php?rest_route=%2Fwp%2Fv2%2Fmedia&parent=1910"}],"wp:term":[{"taxonomy":"product_brand","embeddable":true,"href":"https:\/\/licenciasexpress.cl\/index.php?rest_route=%2Fwp%2Fv2%2Fproduct_brand&post=1910"},{"taxonomy":"product_cat","embeddable":true,"href":"https:\/\/licenciasexpress.cl\/index.php?rest_route=%2Fwp%2Fv2%2Fproduct_cat&post=1910"},{"taxonomy":"product_tag","embeddable":true,"href":"https:\/\/licenciasexpress.cl\/index.php?rest_route=%2Fwp%2Fv2%2Fproduct_tag&post=1910"}],"curies":[{"name":"wp","href":"https:\/\/api.w.org\/{rel}","templated":true}]}}