{"id":1536,"date":"2023-06-26T22:33:21","date_gmt":"2023-06-26T22:33:21","guid":{"rendered":"https:\/\/licenciasexpress.cl\/?post_type=product&#038;p=1536"},"modified":"2024-11-19T14:11:03","modified_gmt":"2024-11-19T14:11:03","slug":"microsoft-project-2021","status":"publish","type":"product","link":"https:\/\/licenciasexpress.cl\/?product=microsoft-project-2021","title":{"rendered":"Microsoft Project 2021"},"content":{"rendered":"<h3>Caracter\u00edsticas Claves<\/h3>\n<ul>\n<li>Producto Digital Descargable<\/li>\n<li>Mantiene los proyectos organizados<\/li>\n<li>Mejora su eficiencia y productividad<\/li>\n<li>Crea informes f\u00e1cilmente<\/li>\n<li>Licencia perpetua<\/li>\n<\/ul>\n<p>&nbsp;<\/p>\n<h3>Mantente organizado<\/h3>\n<ul>\n<li>Planifica y gestiona sus proyectos f\u00e1cilmente con caracter\u00edsticas intuitivas para ayudarle a entregar el valor de negocio previsto.<\/li>\n<li>Centrese r\u00e1pidamente en lo que importa, f\u00e1cilmente seleccione las acciones a tomar, y sin problemas navegue por las funciones con una experiencia visual mejorada.<\/li>\n<li>Acceda a las \u00faltimas plantillas de Office.com desde del proyecto para empezar r\u00e1pidamente.<\/li>\n<li>Mantente organizado por tener un acceso r\u00e1pido a los archivos recientes y ubicaciones del Backstage.<\/li>\n<\/ul>\n<p>&nbsp;<\/p>\n<h3>Ser eficiente y priorice<\/h3>\n<ul>\n<li>Se eficiente y priorice\u00a0mediante la adici\u00f3n de trabajo diario, tareas del proyecto, detalles importantes, y varias l\u00edneas de tiempo en una interfaz de gran riqueza visual y contextual.<\/li>\n<\/ul>\n<ul>\n<li>Mantenga el control de su proyecto planeado no importa el tama\u00f1o.<\/li>\n<li>Rich, fuera de la caja de herramientas, en una experiencia familiar ayuda ejercicio como la presentaci\u00f3n de informes de forma r\u00e1pida y sencilla de medir el progreso y la asignaci\u00f3n de recursos.<\/li>\n<li>Con el camino de tareas destacado en el diagrama de Gantt, que siempre sabe c\u00f3mo sus tareas se unen e identifican cu\u00e1les son los m\u00e1s cr\u00edticos para el \u00e9xito de su proyecto.<\/li>\n<li>Conc\u00e9ntrese en lo que m\u00e1s importa mediante la organizaci\u00f3n y la vinculaci\u00f3n de tareas para crear planes y plazos del proyecto r\u00e1pidamente.<\/li>\n<\/ul>\n<p>&nbsp;<\/p>\n<h3>Entregue proyectos con \u00e9xito<\/h3>\n<ul>\n<li>Realice presentaciones eficaces que ofrecen una visi\u00f3n inmediata de la planificaci\u00f3n de tareas, asignaci\u00f3n de recursos, eficiencia de costos y los muchos detalles importantes de sus proyectos.<\/li>\n<li>La vista l\u00ednea de tiempo m\u00faltiple proyecto ayuda a visualizar su proyecto para entregar presentaciones estelares a su equipo, ejecutivos y grupos de inter\u00e9s.<\/li>\n<li>Comparta f\u00e1cilmente ideas que le ayudan a comunicar mejor el progreso y lograr resultados.<\/li>\n<li>Utilice los informes fuera de la caja como Burndown y Visi\u00f3n General de Recursos para medir r\u00e1pidamente el progreso y comunicarse efectivamente con su equipo, ejecutivos y grupos de inter\u00e9s.<\/li>\n<li>F\u00e1cilmente copie y pegue para las aplicaciones de Office familiares como Word y PowerPoint sin perder la fidelidad o la posibilidad de realizar cambios en las etiquetas y estilos.<\/li>\n<\/ul>\n","protected":false},"excerpt":{"rendered":"<p>&nbsp;<\/p>\n<p><strong>Caracteristicas:<\/strong><\/p>\n<p>&nbsp;<\/p>\n<p><strong>Versi\u00f3n<\/strong>: Microsoft Project Professional 2021<\/p>\n<p>&nbsp;<\/p>\n<p>Serial de 25 Caracteres (XXXXX-XXXXX-XXXXX-XXXXX-XXXXX)<\/p>\n<p>&nbsp;<\/p>\n<p>Permite la activaci\u00f3n en 1 PC y la duraci\u00f3n del producto es hasta que formatees o cambies el equipo.<\/p>\n<p>&nbsp;<\/p>\n<p><strong>Producto con entrega inmediata.<\/strong><\/p>\n<p>&nbsp;<\/p>\n","protected":false},"featured_media":2733,"comment_status":"closed","ping_status":"closed","template":"","meta":[],"product_brand":[],"product_cat":[21],"product_tag":[],"class_list":{"0":"post-1536","1":"product","2":"type-product","3":"status-publish","4":"has-post-thumbnail","6":"product_cat-office","8":"first","9":"instock","10":"taxable","11":"shipping-taxable","12":"purchasable","13":"product-type-variable"},"jetpack_sharing_enabled":true,"_links":{"self":[{"href":"https:\/\/licenciasexpress.cl\/index.php?rest_route=\/wp\/v2\/product\/1536","targetHints":{"allow":["GET"]}}],"collection":[{"href":"https:\/\/licenciasexpress.cl\/index.php?rest_route=\/wp\/v2\/product"}],"about":[{"href":"https:\/\/licenciasexpress.cl\/index.php?rest_route=\/wp\/v2\/types\/product"}],"replies":[{"embeddable":true,"href":"https:\/\/licenciasexpress.cl\/index.php?rest_route=%2Fwp%2Fv2%2Fcomments&post=1536"}],"wp:featuredmedia":[{"embeddable":true,"href":"https:\/\/licenciasexpress.cl\/index.php?rest_route=\/wp\/v2\/media\/2733"}],"wp:attachment":[{"href":"https:\/\/licenciasexpress.cl\/index.php?rest_route=%2Fwp%2Fv2%2Fmedia&parent=1536"}],"wp:term":[{"taxonomy":"product_brand","embeddable":true,"href":"https:\/\/licenciasexpress.cl\/index.php?rest_route=%2Fwp%2Fv2%2Fproduct_brand&post=1536"},{"taxonomy":"product_cat","embeddable":true,"href":"https:\/\/licenciasexpress.cl\/index.php?rest_route=%2Fwp%2Fv2%2Fproduct_cat&post=1536"},{"taxonomy":"product_tag","embeddable":true,"href":"https:\/\/licenciasexpress.cl\/index.php?rest_route=%2Fwp%2Fv2%2Fproduct_tag&post=1536"}],"curies":[{"name":"wp","href":"https:\/\/api.w.org\/{rel}","templated":true}]}}