{"id":1450,"date":"2023-06-21T23:02:34","date_gmt":"2023-06-21T23:02:34","guid":{"rendered":"https:\/\/licenciasexpress.cl\/?post_type=product&#038;p=1450"},"modified":"2025-12-20T23:22:12","modified_gmt":"2025-12-20T23:22:12","slug":"eset-nod32-1-ano-1-dispositivo","status":"publish","type":"product","link":"https:\/\/licenciasexpress.cl\/?product=eset-nod32-1-ano-1-dispositivo","title":{"rendered":"ESET NOD32 &#8211; 1 A\u00f1o &#8211; 1 Dispositivo"},"content":{"rendered":"<p>Protecci\u00f3n contra las amenazas de Internet para todos los dispositivos.<\/p>\n<p>&nbsp;<\/p>\n<p><strong>Antispam<\/strong><br \/>\nA trav\u00e9s de un filtro para spam veloz y eficaz, bloquea el correo electr\u00f3nico que no se desea recibir.<\/p>\n<p>&nbsp;<\/p>\n<p><strong>Antivirus &amp; antispyware<\/strong><br \/>\nBrinda protecci\u00f3n proactiva ante todos los tipos de amenazas offline y online, y evita que el malware se propague.<\/p>\n<p>&nbsp;<\/p>\n<p><strong>Control de c\u00e1mara web y router<\/strong><br \/>\nMonitorea constantemente todos los procesos y aplicaciones que se ejecutan en el equipo para detectar si est\u00e1n intentando utilizar la c\u00e1mara web, y sugiere cambios en la configuraci\u00f3n para un conexi\u00f3n segura.<\/p>\n<p>&nbsp;<\/p>\n<p><strong>Control de dispositivos USB<\/strong><br \/>\nImpide que se realicen copias de datos privados a dispositivos desconocidos, y permite bloquear medios de almacenamiento que se conectan a trav\u00e9s del BlueTooth, FireWire y puertos serie para prevenir el robo de tu informaci\u00f3n.<\/p>\n<p>&nbsp;<\/p>\n<p><strong>Exploraci\u00f3n avanzada de la memoria<\/strong><br \/>\nPermite una prevenci\u00f3n efectiva contra todo tipo de infecciones al analizarlos cuando se encuentran en la memoria; gracias a su tecnolog\u00eda detecta y detiene los tipos m\u00e1s furtivos de malware.<\/p>\n<p>&nbsp;<\/p>\n<p><strong>Protecci\u00f3n ante redes p\u00fablicas<\/strong><br \/>\nPermite definir perfiles para los diferentes tipos de conexi\u00f3n y as\u00ed mantener el equipo oculto, evitando el acceso de terceros con fines maliciosos.<\/p>\n<p>&nbsp;<\/p>\n<p><strong>Protecci\u00f3n de identidad en l\u00ednea<\/strong><br \/>\nDetecta y bloquea aplicaciones y correos electr\u00f3nicos que solicitan informaci\u00f3n confidencial haci\u00e9ndose pasar por entidades legitimas.<\/p>\n<p>&nbsp;<\/p>\n<p><strong>Protecci\u00f3n de redes sociales<\/strong><br \/>\nAlerta sobre qu\u00e9 informaci\u00f3n del perfil est\u00e1 p\u00fablica, y analiza las redes para detectar enlaces peligrosos.<\/p>\n<p>&nbsp;<\/p>\n<p><strong>Protecci\u00f3n para banca y pagos en l\u00ednea<\/strong><br \/>\nMediante un navegador especialmente protegido, asegura todas las operaciones en l\u00ednea para evitar que los datos lleguen a terceros.<\/p>\n<p>&nbsp;<\/p>\n<p><strong>Protege el n\u00facleo del equipo<\/strong><br \/>\nEvita que amenazas externas ataquen el coraz\u00f3n del equipo, afectando en su totalidad su funcionamiento.<\/p>\n<p>&nbsp;<\/p>\n<p><strong>Recupera el equipo perdido<\/strong><br \/>\nProtege el equipo port\u00e1til y aumenta las posibilidades de recuperarlo a trav\u00e9s de la funcionalidad del rastreo y localizaci\u00f3n.<\/p>\n<p>&nbsp;<\/p>\n<p><strong>Reporte de seguridad<\/strong><br \/>\nBrinda informaci\u00f3n mensual sobre c\u00f3mo ESET protege los equipos: amenazas detectadas, sitios web y accesos bloqueados, correos tipo spam interceptados, entre otros reportes.<\/p>\n<p>&nbsp;<\/p>\n<p><strong>Seguridad para los m\u00e1s chicos<\/strong><br \/>\nTe brinda la opci\u00f3n de bloquear contenidos y asignar categor\u00edas seg\u00fan la edad de los ni\u00f1os, y establecer una clave maestra para evitar que modifiquen la configuraci\u00f3n.<\/p>\n<p>&nbsp;<\/p>\n","protected":false},"excerpt":{"rendered":"<p><strong>Caracteristicas:<\/strong><\/p>\n<p>&nbsp;<\/p>\n<p><strong>Versi\u00f3n<\/strong>: ESET NOD 32 Antivirus<\/p>\n<p>&nbsp;<\/p>\n<p>Serial de 25 Caracteres (XXXXX-XXXXX-XXXXX-XXXXX-XXXXX)<\/p>\n<p>&nbsp;<\/p>\n<p>Permite la activaci\u00f3n en 1 PC y posee una duraci\u00f3n de 1 a\u00f1o<\/p>\n","protected":false},"featured_media":3553,"comment_status":"closed","ping_status":"closed","template":"","meta":[],"product_brand":[],"product_cat":[30],"product_tag":[],"class_list":{"0":"post-1450","1":"product","2":"type-product","3":"status-publish","4":"has-post-thumbnail","6":"product_cat-antivirus","8":"first","9":"instock","10":"virtual","11":"taxable","12":"purchasable","13":"product-type-simple"},"jetpack_sharing_enabled":true,"_links":{"self":[{"href":"https:\/\/licenciasexpress.cl\/index.php?rest_route=\/wp\/v2\/product\/1450","targetHints":{"allow":["GET"]}}],"collection":[{"href":"https:\/\/licenciasexpress.cl\/index.php?rest_route=\/wp\/v2\/product"}],"about":[{"href":"https:\/\/licenciasexpress.cl\/index.php?rest_route=\/wp\/v2\/types\/product"}],"replies":[{"embeddable":true,"href":"https:\/\/licenciasexpress.cl\/index.php?rest_route=%2Fwp%2Fv2%2Fcomments&post=1450"}],"wp:featuredmedia":[{"embeddable":true,"href":"https:\/\/licenciasexpress.cl\/index.php?rest_route=\/wp\/v2\/media\/3553"}],"wp:attachment":[{"href":"https:\/\/licenciasexpress.cl\/index.php?rest_route=%2Fwp%2Fv2%2Fmedia&parent=1450"}],"wp:term":[{"taxonomy":"product_brand","embeddable":true,"href":"https:\/\/licenciasexpress.cl\/index.php?rest_route=%2Fwp%2Fv2%2Fproduct_brand&post=1450"},{"taxonomy":"product_cat","embeddable":true,"href":"https:\/\/licenciasexpress.cl\/index.php?rest_route=%2Fwp%2Fv2%2Fproduct_cat&post=1450"},{"taxonomy":"product_tag","embeddable":true,"href":"https:\/\/licenciasexpress.cl\/index.php?rest_route=%2Fwp%2Fv2%2Fproduct_tag&post=1450"}],"curies":[{"name":"wp","href":"https:\/\/api.w.org\/{rel}","templated":true}]}}